{"id":6569,"date":"1992-01-01T01:00:00","date_gmt":"1992-01-01T00:00:00","guid":{"rendered":"https:\/\/www.fiwonline.de\/fiw-schriftenreihe\/weiterentwicklung-der-europaeischen-gemeinschaften\/"},"modified":"2024-12-14T00:00:29","modified_gmt":"2024-12-13T23:00:29","slug":"weiterentwicklung-der-europaeischen-gemeinschaften","status":"publish","type":"fiw-schriftenreihe","link":"https:\/\/www.fiwonline.de\/en\/fiw-schriftenreihe\/weiterentwicklung-der-europaeischen-gemeinschaften\/","title":{"rendered":"Weiterentwicklung der Europ\u00e4ischen Gemeinschaften"},"content":{"rendered":"<p><html><head><meta charset=\"utf-8\"\/><title>Weiterentwicklung der Europ\u00e4ischen Gemeinschaften<\/title><\/head><body><\/p>\n<div>\n<h6>Band 148<\/h6>\n<h2>Weiterentwicklung der Europ\u00e4ischen Gemeinschaften<\/h2>\n<p>\u00a0<\/p>\n<h2>25 Jahre FIW-Symposion<\/h2>\n<p>Professor Dr. Otto Schlecht, Vorsitzender der Ludwig-Erhard-Stiftung, Staatssekret\u00e4r a.D., Bonn<\/p>\n<h2>Quo vadis Europa? Freiheiten, Regulierung und soziale Grundrechte nach den erweiterten Zielen der EG-Verfassung<\/h2>\n<p>Professor Dr. Ernst Steindorff, Universit\u00e4t M\u00fcnchen<\/p>\n<h2>Entwicklung von Wettbewerbspolitik und Wettbewerbsordnung in der Europ\u00e4ischen Gemeinschaft<\/h2>\n<p>Sir Leon Brittan, Vizepr\u00e4sident der Kommission der Europ\u00e4ischen Gemeinschaften, Br\u00fcssel<\/p>\n<h2>Hoheitliche Ma\u00dfnahmen und die Wettbewerbsvorschriften des Gemeinschaftsrechts<\/h2>\n<p>Professor Dr. Wernhard M\u00f6schel, Universit\u00e4t T\u00fcbingen, Mitglied der Monopolkommission<\/p>\n<h2>Institutionelle Anpassung der EG<\/h2>\n<p>Professor Dr. Eberhard Grabitz, Freie Universit\u00e4t Berlin<\/p>\n<h2>Zur Verfassung der Europ\u00e4ischen Gemeinschaft nach Maastricht<\/h2>\n<p>Professor Dr. Martin Seidel, Ministerialrat im Bundesministerium f\u00fcr Wirtschaft, Bonn<\/p>\n<h2>Perspektiven der Europ\u00e4ischen W\u00e4hrungsunion<\/h2>\n<p>Professor Dr. Otmar Issing, Mitglied des Direktoriums der Deutschen Bundesbank, Frankfurt<\/p>\n<h2>Podiumsdiskussion: Marktwirtschaftliche Reife und wettbewerbsf\u00e4hige Strukturen als Beitrittsvoraussetzungen<\/h2>\n<p>Professor Dr. Gerhard Prosi, Universit\u00e4t Kiel (Leitung)<br \/>Dipl.-Vw. Peter M. Schmidhuber, Mitglied der Kommission der Europ\u00e4ischen Gemeinschaften,  Br\u00fcssel<br \/>Professor Dr. Dan Goyder, Stellv. Vorsitzender der Monopolies and Merger Commission, London<br \/>Jiri Kinkor, Berater der Regierung, Prag<\/p>\n<h2>Zusammenhang von Demokratie und Marktwirtschaft<\/h2>\n<p>Professor Dr. Walter Schluep, Universit\u00e4t Z\u00fcrich<\/p>\n<\/div>\n<p><\/body><\/html><\/p>","protected":false},"author":3,"featured_media":0,"menu_order":0,"template":"single-fullwidth.php","format":"standard","meta":{"_acf_changed":false},"categories":[],"tags":[],"sr_band":[866],"class_list":{"0":"post-6569","1":"fiw-schriftenreihe","2":"type-fiw-schriftenreihe","3":"status-publish","4":"format-standard","6":"sr_band-866"},"acf":[],"_links":{"self":[{"href":"https:\/\/www.fiwonline.de\/en\/wp-json\/wp\/v2\/fiw-schriftenreihe\/6569","targetHints":{"allow":["GET"]}}],"collection":[{"href":"https:\/\/www.fiwonline.de\/en\/wp-json\/wp\/v2\/fiw-schriftenreihe"}],"about":[{"href":"https:\/\/www.fiwonline.de\/en\/wp-json\/wp\/v2\/types\/fiw-schriftenreihe"}],"author":[{"embeddable":true,"href":"https:\/\/www.fiwonline.de\/en\/wp-json\/wp\/v2\/users\/3"}],"version-history":[{"count":0,"href":"https:\/\/www.fiwonline.de\/en\/wp-json\/wp\/v2\/fiw-schriftenreihe\/6569\/revisions"}],"wp:attachment":[{"href":"https:\/\/www.fiwonline.de\/en\/wp-json\/wp\/v2\/media?parent=6569"}],"wp:term":[{"taxonomy":"category","embeddable":true,"href":"https:\/\/www.fiwonline.de\/en\/wp-json\/wp\/v2\/categories?post=6569"},{"taxonomy":"post_tag","embeddable":true,"href":"https:\/\/www.fiwonline.de\/en\/wp-json\/wp\/v2\/tags?post=6569"},{"taxonomy":"sr_band","embeddable":true,"href":"https:\/\/www.fiwonline.de\/en\/wp-json\/wp\/v2\/sr_band?post=6569"}],"curies":[{"name":"wp","href":"https:\/\/api.w.org\/{rel}","templated":true}]}}

Weiterentwicklung der Europäischen Gemeinschaften

<p><html><head><meta charset="utf-8"/><title>Weiterentwicklung der Europäischen Gemeinschaften</title></head><body></p>
<div>
<h6>Band 148</h6>
<h2>Weiterentwicklung der Europäischen Gemeinschaften</h2>
<p> </p>
<h2>25 Jahre FIW-Symposion</h2>
<p>Professor Dr. Otto Schlecht, Vorsitzender der Ludwig-Erhard-Stiftung, Staatssekretär a.D., Bonn</p>
<h2>Quo vadis Europa? Freiheiten, Regulierung und soziale Grundrechte nach den erweiterten Zielen der EG-Verfassung</h2>
<p>Professor Dr. Ernst Steindorff, Universität München</p>
<h2>Entwicklung von Wettbewerbspolitik und Wettbewerbsordnung in der Europäischen Gemeinschaft</h2>
<p>Sir Leon Brittan, Vizepräsident der Kommission der Europäischen Gemeinschaften, Brüssel</p>
<h2>Hoheitliche Maßnahmen und die Wettbewerbsvorschriften des Gemeinschaftsrechts</h2>
<p>Professor Dr. Wernhard Möschel, Universität Tübingen, Mitglied der Monopolkommission</p>
<h2>Institutionelle Anpassung der EG</h2>
<p>Professor Dr. Eberhard Grabitz, Freie Universität Berlin</p>
<h2>Zur Verfassung der Europäischen Gemeinschaft nach Maastricht</h2>
<p>Professor Dr. Martin Seidel, Ministerialrat im Bundesministerium für Wirtschaft, Bonn</p>
<h2>Perspektiven der Europäischen Währungsunion</h2>
<p>Professor Dr. Otmar Issing, Mitglied des Direktoriums der Deutschen Bundesbank, Frankfurt</p>
<h2>Podiumsdiskussion: Marktwirtschaftliche Reife und wettbewerbsfähige Strukturen als Beitrittsvoraussetzungen</h2>
<p>Professor Dr. Gerhard Prosi, Universität Kiel (Leitung)<br />Dipl.-Vw. Peter M. Schmidhuber, Mitglied der Kommission der Europäischen Gemeinschaften,  Brüssel<br />Professor Dr. Dan Goyder, Stellv. Vorsitzender der Monopolies and Merger Commission, London<br />Jiri Kinkor, Berater der Regierung, Prag</p>
<h2>Zusammenhang von Demokratie und Marktwirtschaft</h2>
<p>Professor Dr. Walter Schluep, Universität Zürich</p>
</div>
<p></body></html></p>
