{"id":6574,"date":"1991-01-01T01:00:00","date_gmt":"1991-01-01T00:00:00","guid":{"rendered":"https:\/\/www.fiwonline.de\/fiw-schriftenreihe\/mittel-und-osteuropa-im-marktwirtschaftlichen-umbruch\/"},"modified":"2024-12-14T00:05:34","modified_gmt":"2024-12-13T23:05:34","slug":"mittel-und-osteuropa-im-marktwirtschaftlichen-umbruch","status":"publish","type":"fiw-schriftenreihe","link":"https:\/\/www.fiwonline.de\/en\/fiw-schriftenreihe\/mittel-und-osteuropa-im-marktwirtschaftlichen-umbruch\/","title":{"rendered":"Mittel- und Osteuropa im marktwirtschaftlichen Umbruch"},"content":{"rendered":"<p><html><head><meta charset=\"utf-8\"\/><title>Mittel- und Osteuropa im marktwirtschaftlichen Umbruch<\/title><\/head><body><\/p>\n<div>\n<h6>Band 142<\/h6>\n<h2>Mittel- und Osteuropa im marktwirtschaftlichen Umbruch<\/h2>\n<p>\u00a0<\/p>\n<h2>Das Verh\u00e4ltnis der Europ\u00e4ischen Gemeinschaften zur Reformpolitik in Mittel- und Osteuropa<\/h2>\n<p>Manfred Brunner, Kabinettchef des Vizepr\u00e4sidenten der Kommission der Europ\u00e4ischen<br \/>Gemeinschaften Dr. Bangemann, Br\u00fcssel<\/p>\n<h2>Marktwirtschaftliche Reformen in der UdSSR<\/h2>\n<p>Dr. Alexander O. Nitschiporuk, Institut f\u00fcr Weltwirtschaft und internationale Beziehungen der UdSSR, Moskau<\/p>\n<h2>Marktwirtschaftliche Reformen in Polen<\/h2>\n<p>Wojciech Kostrzewa, Berater des Finanzministers der Republik Polen, Vorsitzender der Polnischen Entwicklungsbank, Warschau<\/p>\n<h2>Wirtschaftsreformen in Mittel- und Osteuropa &#8211; Verfassungsprobleme und Eigentumsordnung<\/h2>\n<p>Professor Dr. Hans-J\u00fcrgen Papier, Universit\u00e4t Bielefeld<br \/>Die Privatisierung der Wirtschaft und die Herstellung gleicher Lebensbedingungen im neuen Bundesgebiet<br \/>Professor Dr. Norbert Horn, Universit\u00e4t K\u00f6ln<\/p>\n<h2>Podiumsdiskussion: Werden die f\u00fcnf neuen Bundesl\u00e4nder begehrter Produktionsstandort oder bleiben sie vorrangig Absatzmarkt?<\/h2>\n<p>Dr. Dr. Karl D\u00f6ring, Vorsitzender des Vorstandes der EKO-Stahl AG, Eisenh\u00fcttenstadt<br \/>Jan Kleinewefers, Gesch\u00e4ftsf\u00fchrender Gesellschafter der Kleinewefers Beteiligungs GmbH, Krefeld<br \/>Dr. Horst J. K\u00f6hler, Vorstandsmitglied der Rheinbraun AG, K\u00f6ln<\/p>\n<h2>Europa nach dem Sozialismus. Gesellschaftspolitische Orientierungsprobleme<\/h2>\n<p>Professor Dr. Hermann L\u00fcbbe, Universit\u00e4t Z\u00fcrich<\/p>\n<\/div>\n<p><\/body><\/html><\/p>","protected":false},"author":3,"featured_media":0,"menu_order":0,"template":"single-fullwidth.php","format":"standard","meta":{"_acf_changed":false},"categories":[],"tags":[],"sr_band":[875],"class_list":{"0":"post-6574","1":"fiw-schriftenreihe","2":"type-fiw-schriftenreihe","3":"status-publish","4":"format-standard","6":"sr_band-875"},"acf":[],"_links":{"self":[{"href":"https:\/\/www.fiwonline.de\/en\/wp-json\/wp\/v2\/fiw-schriftenreihe\/6574","targetHints":{"allow":["GET"]}}],"collection":[{"href":"https:\/\/www.fiwonline.de\/en\/wp-json\/wp\/v2\/fiw-schriftenreihe"}],"about":[{"href":"https:\/\/www.fiwonline.de\/en\/wp-json\/wp\/v2\/types\/fiw-schriftenreihe"}],"author":[{"embeddable":true,"href":"https:\/\/www.fiwonline.de\/en\/wp-json\/wp\/v2\/users\/3"}],"version-history":[{"count":0,"href":"https:\/\/www.fiwonline.de\/en\/wp-json\/wp\/v2\/fiw-schriftenreihe\/6574\/revisions"}],"wp:attachment":[{"href":"https:\/\/www.fiwonline.de\/en\/wp-json\/wp\/v2\/media?parent=6574"}],"wp:term":[{"taxonomy":"category","embeddable":true,"href":"https:\/\/www.fiwonline.de\/en\/wp-json\/wp\/v2\/categories?post=6574"},{"taxonomy":"post_tag","embeddable":true,"href":"https:\/\/www.fiwonline.de\/en\/wp-json\/wp\/v2\/tags?post=6574"},{"taxonomy":"sr_band","embeddable":true,"href":"https:\/\/www.fiwonline.de\/en\/wp-json\/wp\/v2\/sr_band?post=6574"}],"curies":[{"name":"wp","href":"https:\/\/api.w.org\/{rel}","templated":true}]}}

<p><html><head><meta charset="utf-8"/><title>Mittel- und Osteuropa im marktwirtschaftlichen Umbruch</title></head><body></p>
<div>
<h6>Band 142</h6>
<h2>Mittel- und Osteuropa im marktwirtschaftlichen Umbruch</h2>
<p> </p>
<h2>Das Verhältnis der Europäischen Gemeinschaften zur Reformpolitik in Mittel- und Osteuropa</h2>
<p>Manfred Brunner, Kabinettchef des Vizepräsidenten der Kommission der Europäischen<br />Gemeinschaften Dr. Bangemann, Brüssel</p>
<h2>Marktwirtschaftliche Reformen in der UdSSR</h2>
<p>Dr. Alexander O. Nitschiporuk, Institut für Weltwirtschaft und internationale Beziehungen der UdSSR, Moskau</p>
<h2>Marktwirtschaftliche Reformen in Polen</h2>
<p>Wojciech Kostrzewa, Berater des Finanzministers der Republik Polen, Vorsitzender der Polnischen Entwicklungsbank, Warschau</p>
<h2>Wirtschaftsreformen in Mittel- und Osteuropa &#8211; Verfassungsprobleme und Eigentumsordnung</h2>
<p>Professor Dr. Hans-Jürgen Papier, Universität Bielefeld<br />Die Privatisierung der Wirtschaft und die Herstellung gleicher Lebensbedingungen im neuen Bundesgebiet<br />Professor Dr. Norbert Horn, Universität Köln</p>
<h2>Podiumsdiskussion: Werden die fünf neuen Bundesländer begehrter Produktionsstandort oder bleiben sie vorrangig Absatzmarkt?</h2>
<p>Dr. Dr. Karl Döring, Vorsitzender des Vorstandes der EKO-Stahl AG, Eisenhüttenstadt<br />Jan Kleinewefers, Geschäftsführender Gesellschafter der Kleinewefers Beteiligungs GmbH, Krefeld<br />Dr. Horst J. Köhler, Vorstandsmitglied der Rheinbraun AG, Köln</p>
<h2>Europa nach dem Sozialismus. Gesellschaftspolitische Orientierungsprobleme</h2>
<p>Professor Dr. Hermann Lübbe, Universität Zürich</p>
</div>
<p></body></html></p>
