{"id":6599,"date":"1986-01-01T01:00:00","date_gmt":"1986-01-01T00:00:00","guid":{"rendered":"https:\/\/www.fiwonline.de\/fiw-schriftenreihe\/neuorientierung-des-wettbewerbsschutzes-jubilaeumsschrift-25-jahre-fiw\/"},"modified":"2024-12-14T00:30:58","modified_gmt":"2024-12-13T23:30:58","slug":"neuorientierung-des-wettbewerbsschutzes-jubilaeumsschrift-25-jahre-fiw","status":"publish","type":"fiw-schriftenreihe","link":"https:\/\/www.fiwonline.de\/en\/fiw-schriftenreihe\/neuorientierung-des-wettbewerbsschutzes-jubilaeumsschrift-25-jahre-fiw\/","title":{"rendered":"Neuorientierung des Wettbewerbsschutzes &#8211; Jubil\u00e4umsschrift 25 Jahre FIW"},"content":{"rendered":"<p><html><head><meta charset=\"utf-8\"\/><title>Neuorientierung des Wettbewerbsschutzes &#8211; Jubil\u00e4umsschrift 25 Jahre FIW<\/title><\/head><body><\/p>\n<div>\n<h6>Band 120<\/h6>\n<h2>Neuorientierung des Wettbewerbsschutzes &#8211; Jubil\u00e4umsschrift 25 Jahre FIW<\/h2>\n<p>\u00a0<\/p>\n<h2>Gru\u00dfworte<\/h2>\n<p>Dr. Martin Bangemann, Bundesminister f\u00fcr Wirtschaft<br \/>Peter D. Sutherland, Mitglied der Kommission der Europ\u00e4ischen Gemeinschaften<br \/>Professor Dr. Wolfgang Kartte, Pr\u00e4sident des Bundeskartellamtes<br \/>Professor Dr. Erhard Kantzenbach, Vorsitzender der Monopolkommission<\/p>\n<h2>25 Jahre FIW &#8211; eine Bilanz<\/h2>\n<p>Dipl.-Volksw. Lioba J\u00fcttner-Kramny, Forschungsinstitut f\u00fcr Wirtschaftsverfassung und Wettbewerb e.V., K\u00f6ln<\/p>\n<h2>Vortr\u00e4ge des XIX. Innsbrucker Symposions<\/h2>\n<p>\u00a0<\/p>\n<h2>Begr\u00fc\u00dfung und Einf\u00fchrung<\/h2>\n<p>Gert Becker, Vorsitzender des Vorstandes des Forschungsinstituts f\u00fcr Wirtschaftsverfassung und Wettbewerb e.V., K\u00f6ln<br \/>Professor Dr. Karl Socher, Dekan der Sozial- und Wirtschaftswissenschaftlichen Fakult\u00e4t der Universit\u00e4t Innsbruck<\/p>\n<h2>Neue Ans\u00e4tze des dynamischen Wettbewerbs aus der Sicht des Sachverst\u00e4ndigenrates<\/h2>\n<p>Dr. Ernst Helmst\u00e4dter, o. Professor f\u00fcr Volkswirtschaftslehre an der Universit\u00e4t M\u00fcnster, Vorsitzender des Vereins f\u00fcr Socialpolitik, Mitglied des Sachverst\u00e4ndigenrates zur Begutachtung der gesamtwirtschaftlichen Entwicklung<\/p>\n<h2>Neuorientierung in der deutschen Wettbewerbspolitik?<\/h2>\n<p>Dr. Otto Schlecht, Staatssekret\u00e4r im Bundesministerium f\u00fcr Wirtschaft, Bonn<\/p>\n<h2>Marktstruktur und volkswirtschaftliche Effizienz &#8211; ein Widerspruch?<\/h2>\n<p>Dr. Wolfgang Kartte, Honorarprofessor an der Universit\u00e4t Bonn, Pr\u00e4sident des Bundeskartellamtes, Berlin<\/p>\n<h2>Entwicklung der deutschen Rechtspraxis in der Bestimmung von Macht<\/h2>\n<p>Dr. Gert Pfeiffer, Honorarprofessor an der Universit\u00e4t Hagen, Pr\u00e4sident des Bundesgerichtshofes, Karlsruhe<\/p>\n<h2>Die Politik der Gemeinschaft zur St\u00e4rkung der Stellung des Innovators<\/h2>\n<p>Fernand Braun, Generaldirektor f\u00fcr Binnenmarkt und gewerbliche Wirtschaft bei der Kommission der Europ\u00e4ischen Gemeinschaften, Br\u00fcssel<\/p>\n<h2>Innovatorischer und imitatorischer Wettbewerb in der Wirtschaftsordnung<\/h2>\n<p>Professor Dr. Horst Albach, o. Professor f\u00fcr Betriebswirtschaftslehre, Universit\u00e4t Bonn<\/p>\n<h2>Wettbewerb und Ethik. F\u00fcnf Aussagen der katholischen Soziallehre zum Leistungswettbewerb<\/h2>\n<p>Joseph Kardinal H\u00f6ffner, Erzbischof von K\u00f6ln<\/p>\n<h2>Schlu\u00dfworte des Vorsitzenden<\/h2>\n<p>\u00a0<\/p>\n<h2>Sonderbeitr\u00e4ge zur Jubil\u00e4umsschrift<\/h2>\n<p>\u00a0<\/p>\n<h2>Zur Bedeutung von Marktstruktur und -verhalten in der materiellen Fusionskontrolle des GWB<\/h2>\n<p>Dr. Kurt Markert, Honorarprofessor an der Freien Universit\u00e4t Berlin, Vorsitzender der 7. Beschlu\u00dfabteilung des Bundeskartellamtes, Berlin<\/p>\n<h2>Ressourcenst\u00e4rke und Abschreckungswirkung in der Fusionskontrolle<\/h2>\n<p>Dr. Manfred Dirrheimer, Gesch\u00e4ftsf\u00fchrer der FWU-Forschungsgesellschaft f\u00fcr Wettbewerb und Unternehmensorganisation mbH, M\u00fcnchen<\/p>\n<h2>Preismi\u00dfbrauchsaufsicht gegen\u00fcber innovativen Unternehmen<\/h2>\n<p>Dr. Horst-Manfred Schellhaa\u00df, o. Professor f\u00fcr Wirtschaftstheorie an der Technischen Universit\u00e4t, Berlin<\/p>\n<h2>Ist die Freiheit ein Schutzgut des Kartellrechts und der Wettbewerbspolitik?<\/h2>\n<p>Dr. Robert Kn\u00f6pfle, o. Professor f\u00fcr B\u00fcrgerliches Recht, Handels- und Wirtschaftsrecht, Universit\u00e4t Regensburg<\/p>\n<\/div>\n<p><\/body><\/html><\/p>","protected":false},"author":3,"featured_media":0,"menu_order":0,"template":"single-fullwidth.php","format":"standard","meta":{"_acf_changed":false},"categories":[],"tags":[],"sr_band":[920],"class_list":{"0":"post-6599","1":"fiw-schriftenreihe","2":"type-fiw-schriftenreihe","3":"status-publish","4":"format-standard","6":"sr_band-920"},"acf":[],"_links":{"self":[{"href":"https:\/\/www.fiwonline.de\/en\/wp-json\/wp\/v2\/fiw-schriftenreihe\/6599","targetHints":{"allow":["GET"]}}],"collection":[{"href":"https:\/\/www.fiwonline.de\/en\/wp-json\/wp\/v2\/fiw-schriftenreihe"}],"about":[{"href":"https:\/\/www.fiwonline.de\/en\/wp-json\/wp\/v2\/types\/fiw-schriftenreihe"}],"author":[{"embeddable":true,"href":"https:\/\/www.fiwonline.de\/en\/wp-json\/wp\/v2\/users\/3"}],"version-history":[{"count":0,"href":"https:\/\/www.fiwonline.de\/en\/wp-json\/wp\/v2\/fiw-schriftenreihe\/6599\/revisions"}],"wp:attachment":[{"href":"https:\/\/www.fiwonline.de\/en\/wp-json\/wp\/v2\/media?parent=6599"}],"wp:term":[{"taxonomy":"category","embeddable":true,"href":"https:\/\/www.fiwonline.de\/en\/wp-json\/wp\/v2\/categories?post=6599"},{"taxonomy":"post_tag","embeddable":true,"href":"https:\/\/www.fiwonline.de\/en\/wp-json\/wp\/v2\/tags?post=6599"},{"taxonomy":"sr_band","embeddable":true,"href":"https:\/\/www.fiwonline.de\/en\/wp-json\/wp\/v2\/sr_band?post=6599"}],"curies":[{"name":"wp","href":"https:\/\/api.w.org\/{rel}","templated":true}]}}

Neuorientierung des Wettbewerbsschutzes &#8211; Jubiläumsschrift 25 Jahre FIW

<p><html><head><meta charset="utf-8"/><title>Neuorientierung des Wettbewerbsschutzes &#8211; Jubiläumsschrift 25 Jahre FIW</title></head><body></p>
<div>
<h6>Band 120</h6>
<h2>Neuorientierung des Wettbewerbsschutzes &#8211; Jubiläumsschrift 25 Jahre FIW</h2>
<p> </p>
<h2>Grußworte</h2>
<p>Dr. Martin Bangemann, Bundesminister für Wirtschaft<br />Peter D. Sutherland, Mitglied der Kommission der Europäischen Gemeinschaften<br />Professor Dr. Wolfgang Kartte, Präsident des Bundeskartellamtes<br />Professor Dr. Erhard Kantzenbach, Vorsitzender der Monopolkommission</p>
<h2>25 Jahre FIW &#8211; eine Bilanz</h2>
<p>Dipl.-Volksw. Lioba Jüttner-Kramny, Forschungsinstitut für Wirtschaftsverfassung und Wettbewerb e.V., Köln</p>
<h2>Vorträge des XIX. Innsbrucker Symposions</h2>
<p> </p>
<h2>Begrüßung und Einführung</h2>
<p>Gert Becker, Vorsitzender des Vorstandes des Forschungsinstituts für Wirtschaftsverfassung und Wettbewerb e.V., Köln<br />Professor Dr. Karl Socher, Dekan der Sozial- und Wirtschaftswissenschaftlichen Fakultät der Universität Innsbruck</p>
<h2>Neue Ansätze des dynamischen Wettbewerbs aus der Sicht des Sachverständigenrates</h2>
<p>Dr. Ernst Helmstädter, o. Professor für Volkswirtschaftslehre an der Universität Münster, Vorsitzender des Vereins für Socialpolitik, Mitglied des Sachverständigenrates zur Begutachtung der gesamtwirtschaftlichen Entwicklung</p>
<h2>Neuorientierung in der deutschen Wettbewerbspolitik?</h2>
<p>Dr. Otto Schlecht, Staatssekretär im Bundesministerium für Wirtschaft, Bonn</p>
<h2>Marktstruktur und volkswirtschaftliche Effizienz &#8211; ein Widerspruch?</h2>
<p>Dr. Wolfgang Kartte, Honorarprofessor an der Universität Bonn, Präsident des Bundeskartellamtes, Berlin</p>
<h2>Entwicklung der deutschen Rechtspraxis in der Bestimmung von Macht</h2>
<p>Dr. Gert Pfeiffer, Honorarprofessor an der Universität Hagen, Präsident des Bundesgerichtshofes, Karlsruhe</p>
<h2>Die Politik der Gemeinschaft zur Stärkung der Stellung des Innovators</h2>
<p>Fernand Braun, Generaldirektor für Binnenmarkt und gewerbliche Wirtschaft bei der Kommission der Europäischen Gemeinschaften, Brüssel</p>
<h2>Innovatorischer und imitatorischer Wettbewerb in der Wirtschaftsordnung</h2>
<p>Professor Dr. Horst Albach, o. Professor für Betriebswirtschaftslehre, Universität Bonn</p>
<h2>Wettbewerb und Ethik. Fünf Aussagen der katholischen Soziallehre zum Leistungswettbewerb</h2>
<p>Joseph Kardinal Höffner, Erzbischof von Köln</p>
<h2>Schlußworte des Vorsitzenden</h2>
<p> </p>
<h2>Sonderbeiträge zur Jubiläumsschrift</h2>
<p> </p>
<h2>Zur Bedeutung von Marktstruktur und -verhalten in der materiellen Fusionskontrolle des GWB</h2>
<p>Dr. Kurt Markert, Honorarprofessor an der Freien Universität Berlin, Vorsitzender der 7. Beschlußabteilung des Bundeskartellamtes, Berlin</p>
<h2>Ressourcenstärke und Abschreckungswirkung in der Fusionskontrolle</h2>
<p>Dr. Manfred Dirrheimer, Geschäftsführer der FWU-Forschungsgesellschaft für Wettbewerb und Unternehmensorganisation mbH, München</p>
<h2>Preismißbrauchsaufsicht gegenüber innovativen Unternehmen</h2>
<p>Dr. Horst-Manfred Schellhaaß, o. Professor für Wirtschaftstheorie an der Technischen Universität, Berlin</p>
<h2>Ist die Freiheit ein Schutzgut des Kartellrechts und der Wettbewerbspolitik?</h2>
<p>Dr. Robert Knöpfle, o. Professor für Bürgerliches Recht, Handels- und Wirtschaftsrecht, Universität Regensburg</p>
</div>
<p></body></html></p>
